{"id":12490,"date":"2022-10-24T07:41:42","date_gmt":"2022-10-24T07:41:42","guid":{"rendered":"https:\/\/celilabadadpu.edu.az\/?page_id=12490"},"modified":"2024-10-05T07:20:03","modified_gmt":"2024-10-05T07:20:03","slug":"m%c9%99zunlarimiz","status":"publish","type":"page","link":"https:\/\/celilabadadpu.edu.az\/?page_id=12490","title":{"rendered":"M\u0259zunlar\u0131m\u0131z"},"content":{"rendered":"<p>[vc_row][vc_column][vc_empty_space][vc_column_text]M\u0259zun Koordinasiya v\u0259 Karyera b\u00f6lm\u0259si 01.01.2022-ci il tarixind\u0259n f\u0259aliyy\u0259t\u0259 ba\u015flam\u0131\u015fd\u0131r.<\/p>\n<p>M\u0259zun Koordinasiya v\u0259 Karyera b\u00f6lm\u0259sinin h\u0259yata ke\u00e7irdiyi i\u015fl\u0259r:<\/p>\n<p>M\u0259zunlar haqq\u0131nda elektron bazan\u0131n yarad\u0131lmas\u0131;<\/p>\n<p>M\u0259zunlar haqq\u0131nda elektron m\u0259lumat bazas\u0131n\u0131n daima yenil\u0259nm\u0259si v\u0259<\/p>\n<p>t\u0259kmill\u0259\u015fdirilm\u0259sinin t\u0259min edilm\u0259si;<\/p>\n<p>Universitetin \u0259vv\u0259lki ill\u0259rin m\u0259zunu\u00a0 olmu\u015f g\u00f6rk\u0259mli \u015f\u0259xsl\u0259r il\u0259 t\u0259l\u0259b\u0259l\u0259rin g\u00f6r\u00fc\u015fl\u0259rinin<\/p>\n<p>ke\u00e7irilm\u0259si;<\/p>\n<p>\u0130xtisaslar \u00fczr\u0259 m\u0259zunlar\u0131n i\u015f\u0259 q\u0259bul imtahanlar\u0131n\u0131n n\u0259tic\u0259l\u0259rinin\u00a0 ara\u015fd\u0131r\u0131lmas\u0131 v\u0259<\/p>\n<p>m\u0259lumatlar\u0131n toplanmas\u0131;<\/p>\n<p>\u0130xtisaslar \u00fczr\u0259 m\u00fct\u0259x\u0259ssisl\u0259r\u0259\u00a0 olan ehtiyac\u0131n proqnozla\u015fd\u0131r\u0131lmas\u0131 v\u0259 q\u0259bul haqq\u0131nda<\/p>\n<p>t\u0259klifl\u0259rin haz\u0131rlanmas\u0131;<\/p>\n<p>M\u0259zunlar\u0131n i\u015fl\u0259 t\u0259min olunmas\u0131nda, \u0259m\u0259k bazar\u0131nda\u00a0 \u00f6z bilik v\u0259 bacar\u0131qlar\u0131na uy\u011fun i\u015f<\/p>\n<p>tapmaqlar\u0131nda\u00a0onlar \u00fc\u00e7\u00fcn k\u00f6m\u0259k\u00e7i vasit\u0259l\u0259rin haz\u0131rlanmas\u0131;<\/p>\n<p>T\u0259l\u0259b\u0259l\u0259r\u0259 karyera inki\u015faf\u0131nda d\u0259st\u0259k t\u0259dbirl\u0259rinin h\u0259yata ke\u00e7irilm\u0259sini t\u0259min etm\u0259k;<\/p>\n<p>Universitetd\u0259\u00a0 m\u00fcxt\u0259lif ixtisaslara uy\u011fun vakansiyalar bar\u0259d\u0259 m\u0259lumatlar\u0131n toplanmas\u0131 v\u0259<\/p>\n<p>vakansiya yarand\u0131qda \u00f6z m\u0259zunlar\u0131na \u00fcst\u00fcnl\u00fck verilm\u0259si;<\/p>\n<p>\u0130\u015f\u0259 q\u0259bul yolunda probleml\u0259rin aradan qald\u0131r\u0131lmas\u0131 \u00fc\u00e7\u00fcn t\u0259lim v\u0259 kurslar t\u0259\u015fkil etm\u0259k;<\/p>\n<p>4-c\u00fc v\u0259 5-ci t\u0259dris ili t\u0259l\u0259b\u0259l\u0259ri \u00fc\u00e7\u00fcn M\u0130Q s\u0131naq imtahan\u0131n t\u0259\u015fkil etm\u0259k.[\/vc_column_text][\/vc_column][\/vc_row]<\/p>\n","protected":false},"excerpt":{"rendered":"<p>[vc_row][vc_column][vc_empty_space][vc_column_text]M\u0259zun Koordinasiya v\u0259 Karyera b\u00f6lm\u0259si 01.01.2022-ci il tarixind\u0259n f\u0259aliyy\u0259t\u0259 ba\u015flam\u0131\u015fd\u0131r. M\u0259zun Koordinasiya v\u0259 Karyera b\u00f6lm\u0259sinin h\u0259yata ke\u00e7irdiyi i\u015fl\u0259r: M\u0259zunlar haqq\u0131nda elektron bazan\u0131n yarad\u0131lmas\u0131; M\u0259zunlar haqq\u0131nda elektron m\u0259lumat bazas\u0131n\u0131n daima yenil\u0259nm\u0259si v\u0259 t\u0259kmill\u0259\u015fdirilm\u0259sinin t\u0259min edilm\u0259si; Universitetin \u0259vv\u0259lki ill\u0259rin m\u0259zunu\u00a0 olmu\u015f g\u00f6rk\u0259mli \u015f\u0259xsl\u0259r il\u0259 t\u0259l\u0259b\u0259l\u0259rin g\u00f6r\u00fc\u015fl\u0259rinin ke\u00e7irilm\u0259si; \u0130xtisaslar \u00fczr\u0259 m\u0259zunlar\u0131n i\u015f\u0259 q\u0259bul imtahanlar\u0131n\u0131n n\u0259tic\u0259l\u0259rinin\u00a0 ara\u015fd\u0131r\u0131lmas\u0131 v\u0259 m\u0259lumatlar\u0131n [&hellip;]<\/p>\n","protected":false},"author":1,"featured_media":0,"parent":0,"menu_order":0,"comment_status":"closed","ping_status":"closed","template":"","meta":{"_acf_changed":false,"_monsterinsights_skip_tracking":false,"_monsterinsights_sitenote_active":false,"_monsterinsights_sitenote_note":"","_monsterinsights_sitenote_category":0,"footnotes":""},"class_list":["post-12490","page","type-page","status-publish","hentry"],"acf":[],"aioseo_notices":[],"_links":{"self":[{"href":"https:\/\/celilabadadpu.edu.az\/index.php?rest_route=\/wp\/v2\/pages\/12490","targetHints":{"allow":["GET"]}}],"collection":[{"href":"https:\/\/celilabadadpu.edu.az\/index.php?rest_route=\/wp\/v2\/pages"}],"about":[{"href":"https:\/\/celilabadadpu.edu.az\/index.php?rest_route=\/wp\/v2\/types\/page"}],"author":[{"embeddable":true,"href":"https:\/\/celilabadadpu.edu.az\/index.php?rest_route=\/wp\/v2\/users\/1"}],"replies":[{"embeddable":true,"href":"https:\/\/celilabadadpu.edu.az\/index.php?rest_route=%2Fwp%2Fv2%2Fcomments&post=12490"}],"version-history":[{"count":4,"href":"https:\/\/celilabadadpu.edu.az\/index.php?rest_route=\/wp\/v2\/pages\/12490\/revisions"}],"predecessor-version":[{"id":13791,"href":"https:\/\/celilabadadpu.edu.az\/index.php?rest_route=\/wp\/v2\/pages\/12490\/revisions\/13791"}],"wp:attachment":[{"href":"https:\/\/celilabadadpu.edu.az\/index.php?rest_route=%2Fwp%2Fv2%2Fmedia&parent=12490"}],"curies":[{"name":"wp","href":"https:\/\/api.w.org\/{rel}","templated":true}]}}