{"id":12494,"date":"2022-10-24T07:42:24","date_gmt":"2022-10-24T07:42:24","guid":{"rendered":"https:\/\/celilabadadpu.edu.az\/?page_id=12494"},"modified":"2026-04-21T11:14:51","modified_gmt":"2026-04-21T11:14:51","slug":"t%c9%99l%c9%99b%c9%99-g%c9%99ncl%c9%99r-t%c9%99skilati","status":"publish","type":"page","link":"https:\/\/celilabadadpu.edu.az\/?page_id=12494","title":{"rendered":"T\u0259l\u0259b\u0259 G\u0259ncl\u0259r T\u0259\u015fkilat\u0131"},"content":{"rendered":"<p><strong>\u00a0 \u00a0 \u00a0 \u00a0ADPU<\/strong> (Az\u0259rbaycan D\u00f6vl\u0259t Pedaqoji Universiteti) <strong>C\u0259lilabad filial\u0131n\u0131n T\u0259l\u0259b\u0259 G\u0259ncl\u0259r T\u0259\u015fkilat\u0131<\/strong> (TGT), universitet t\u0259l\u0259b\u0259l\u0259rinin sosial v\u0259 m\u0259d\u0259ni inki\u015faf\u0131n\u0131 t\u0259min ed\u0259n vacib bir qurumdur. TGT, t\u0259l\u0259b\u0259l\u0259rin universitet h\u0259yat\u0131na f\u0259al \u015f\u0259kild\u0259 qat\u0131lmalar\u0131na v\u0259 onlar\u0131n \u015f\u0259xsi inki\u015faflar\u0131n\u0131 t\u0259min etm\u0259l\u0259rin\u0259 \u015f\u0259rait yarad\u0131r. Bu t\u0259\u015fkilat vasit\u0259sil\u0259 t\u0259l\u0259b\u0259l\u0259r \u00f6z bacar\u0131qlar\u0131n\u0131 n\u00fcmayi\u015f etdirm\u0259k, liderlik keyfiyy\u0259tl\u0259rini inki\u015faf etdirm\u0259k, sosial m\u0259suliyy\u0259t layih\u0259l\u0259rind\u0259 i\u015ftirak etm\u0259k v\u0259 ictimai f\u0259aliyy\u0259tl\u0259rl\u0259 m\u0259\u015f\u011ful olmaq imkan\u0131na malik olurlar.<\/p>\n<p><strong>\u00a0 \u00a0 \u00a0 TGT<\/strong>-nin \u0259sas m\u0259qs\u0259dl\u0259ri t\u0259l\u0259b\u0259l\u0259rin maraqlar\u0131n\u0131 qorumaq, onlar\u0131n t\u0259hsil m\u00fchitind\u0259 m\u00fcsb\u0259t d\u0259yi\u015fikliy\u0259 nail olmaq, m\u00fcxt\u0259lif elmi, m\u0259d\u0259ni, idman v\u0259 \u0259yl\u0259nc\u0259 t\u0259dbirl\u0259ri t\u0259\u015fkil etm\u0259kd\u0259n ibar\u0259tdir. Bu t\u0259dbirl\u0259r t\u0259l\u0259b\u0259l\u0259rin t\u0259hsil prosesind\u0259n k\u0259narda da inki\u015faf etm\u0259sin\u0259, elmi ara\u015fd\u0131rma bacar\u0131qlar\u0131n\u0131 v\u0259 kreativ d\u00fc\u015f\u00fcnc\u0259l\u0259rini geni\u015fl\u0259ndirm\u0259sin\u0259 d\u0259st\u0259k verir. TGT t\u0259l\u0259b\u0259l\u0259r\u0259 \u00f6z yarad\u0131c\u0131 ideyalar\u0131n\u0131 realla\u015fd\u0131rmaq v\u0259 m\u00fcxt\u0259lif layih\u0259l\u0259r\u0259 r\u0259hb\u0259rlik etm\u0259k imkan\u0131 yarad\u0131r.<\/p>\n<p>C\u0259lilabad filial\u0131n\u0131n T\u0259l\u0259b\u0259 G\u0259ncl\u0259r T\u0259\u015fkilat\u0131, m\u00fcxt\u0259lif t\u0259liml\u0259r, seminarlar, m\u00fczakir\u0259l\u0259r v\u0259 sosial kampaniyalar t\u0259\u015fkil ed\u0259r\u0259k t\u0259l\u0259b\u0259l\u0259ri aktiv v\u0259 m\u0259lumatl\u0131 v\u0259t\u0259nda\u015flar kimi yeti\u015fdirm\u0259k m\u0259qs\u0259dini g\u00fcd\u00fcr. T\u0259\u015fkilat\u0131n f\u0259aliyy\u0259tl\u0259ri t\u0259kc\u0259 universitet daxilind\u0259 deyil, h\u0259m d\u0259 C\u0259lilabad rayonunun yerli icmas\u0131na faydal\u0131 ola bil\u0259c\u0259k sosial layih\u0259l\u0259rl\u0259 d\u0259 z\u0259ngindir.<\/p>\n<p>\u00dcmumilikd\u0259, ADPU C\u0259lilabad filial\u0131 T\u0259l\u0259b\u0259 G\u0259ncl\u0259r T\u0259\u015fkilat\u0131 g\u0259ncl\u0259rin f\u0259rdi v\u0259 pe\u015f\u0259kar inki\u015faf\u0131na \u015f\u0259rait yaradan, onlar\u0131n c\u0259miyy\u0259t\u0259 faydal\u0131 v\u0259t\u0259nda\u015f kimi formala\u015fmas\u0131na t\u00f6hf\u0259 ver\u0259n bir platformad\u0131r. Bu t\u0259\u015fkilat say\u0259sind\u0259 t\u0259l\u0259b\u0259l\u0259r h\u0259m t\u0259hsil, h\u0259m d\u0259 \u0259yl\u0259nc\u0259 bax\u0131m\u0131ndan z\u0259ngin v\u0259 balansl\u0131 bir universitet h\u0259yat\u0131 ya\u015famaq imkan\u0131 \u0259ld\u0259 edirl\u0259r.<\/p>\n<p>S\u0259dr: Tal\u0131bl\u0131 Jal\u0259<\/p>\n<p>T\u0259l\u0259b\u0259l\u0259rl\u0259 i\u015f \u00fczr\u0259 m\u00fcavin: Ramal Sad\u0131ql\u0131<\/p>\n<p>\u0130ctimaiyy\u0259tl\u0259 \u0259laq\u0259l\u0259r v\u0259 PR \u00fczr\u0259 m\u00fcavin: Quluzad\u0259 Rahil\u0259<\/p>\n<p>KLUBLAR:<\/p>\n<p>V\u0259t\u0259np\u0259rv\u0259rlik klubu<\/p>\n<p>\u0130ntellektual Oyunlar Klubu<\/p>\n<p>Psixologiya Klubu<\/p>\n<p>ART Klub<\/p>\n<p>Kitab Klubu<\/p>\n<p>M\u0259ntiq Klubu<\/p>\n<p>\u015e\u0259n v\u0259 Haz\u0131rcavablar klubu<\/p>\n<p>Eko Klubu<\/p>\n<p>Tarix Klubu<\/p>\n<p>\u0130dman Klubu<\/p>\n","protected":false},"excerpt":{"rendered":"<p>\u00a0 \u00a0 \u00a0 \u00a0ADPU (Az\u0259rbaycan D\u00f6vl\u0259t Pedaqoji Universiteti) C\u0259lilabad filial\u0131n\u0131n T\u0259l\u0259b\u0259 G\u0259ncl\u0259r T\u0259\u015fkilat\u0131 (TGT), universitet t\u0259l\u0259b\u0259l\u0259rinin sosial v\u0259 m\u0259d\u0259ni inki\u015faf\u0131n\u0131 t\u0259min ed\u0259n vacib bir qurumdur. TGT, t\u0259l\u0259b\u0259l\u0259rin universitet h\u0259yat\u0131na f\u0259al \u015f\u0259kild\u0259 qat\u0131lmalar\u0131na v\u0259 onlar\u0131n \u015f\u0259xsi inki\u015faflar\u0131n\u0131 t\u0259min etm\u0259l\u0259rin\u0259 \u015f\u0259rait yarad\u0131r. Bu t\u0259\u015fkilat vasit\u0259sil\u0259 t\u0259l\u0259b\u0259l\u0259r \u00f6z bacar\u0131qlar\u0131n\u0131 n\u00fcmayi\u015f etdirm\u0259k, liderlik keyfiyy\u0259tl\u0259rini inki\u015faf etdirm\u0259k, sosial m\u0259suliyy\u0259t layih\u0259l\u0259rind\u0259 [&hellip;]<\/p>\n","protected":false},"author":1,"featured_media":0,"parent":0,"menu_order":0,"comment_status":"closed","ping_status":"closed","template":"","meta":{"_acf_changed":false,"_monsterinsights_skip_tracking":false,"_monsterinsights_sitenote_active":false,"_monsterinsights_sitenote_note":"","_monsterinsights_sitenote_category":0,"footnotes":""},"class_list":["post-12494","page","type-page","status-publish","hentry"],"acf":[],"aioseo_notices":[],"_links":{"self":[{"href":"https:\/\/celilabadadpu.edu.az\/index.php?rest_route=\/wp\/v2\/pages\/12494","targetHints":{"allow":["GET"]}}],"collection":[{"href":"https:\/\/celilabadadpu.edu.az\/index.php?rest_route=\/wp\/v2\/pages"}],"about":[{"href":"https:\/\/celilabadadpu.edu.az\/index.php?rest_route=\/wp\/v2\/types\/page"}],"author":[{"embeddable":true,"href":"https:\/\/celilabadadpu.edu.az\/index.php?rest_route=\/wp\/v2\/users\/1"}],"replies":[{"embeddable":true,"href":"https:\/\/celilabadadpu.edu.az\/index.php?rest_route=%2Fwp%2Fv2%2Fcomments&post=12494"}],"version-history":[{"count":12,"href":"https:\/\/celilabadadpu.edu.az\/index.php?rest_route=\/wp\/v2\/pages\/12494\/revisions"}],"predecessor-version":[{"id":14488,"href":"https:\/\/celilabadadpu.edu.az\/index.php?rest_route=\/wp\/v2\/pages\/12494\/revisions\/14488"}],"wp:attachment":[{"href":"https:\/\/celilabadadpu.edu.az\/index.php?rest_route=%2Fwp%2Fv2%2Fmedia&parent=12494"}],"curies":[{"name":"wp","href":"https:\/\/api.w.org\/{rel}","templated":true}]}}